 k. What is the tens digit of o(u)?
2
Suppose -2*o = -3*o + 549. Suppose -o = -5*v - 204. What is the units digit of v?
9
Let g(a) = -26*a - 20. Let c be g(5). Let m = c + 257. What is the tens digit of m?
0
Let u(h) = -114*h + 425. What is the tens digit of u(-8)?
3
Let z(b) = -b**3 + 2*b**2 + 16*b + 25. What is the tens digit of z(-10)?
6
Let w(r) = r**2 - 3*r. Let p be w(19). Suppose 3*q - q - p = 0. What is the hundreds digit of q?
1
Let i(d) = d**2 - 26*d + 168. What is the tens digit of i(40)?
2
Suppose 7 = 2*q - q. Let k = q + 3. Suppose -w - w + k = c, 5*w = -4*c + 31. What is the units digit of w?
3
Suppose 3*p - 749 = 4*x, 17 = -5*x + 7. What is the hundreds digit of p?
2
Let v = -479 - -1629. Suppose 0 = 6*f - f - v. What is the hundreds digit of f?
2
Let m be ((-27)/(-6))/((-2)/212). Let w = -275 - m. What is the hundreds digit of w?
2
Suppose 2*i + 4*k - 236 = 2, -3*k + 6 = 0. Suppose 4*w - 2*d = -210, 2*w + d + i = -0*d. Let r = w + 109. What is the tens digit of r?
5
Let j(w) = -w**3 - 3*w**2 + w - 8. Let t be j(-8). Suppose 6*r - 2*r - t = 0. What is the tens digit of r?
7
Let z(a) be the second derivative of 33*a**5/20 - a**4/6 + a**2/2 - 5*a. Let n be z(1). Suppose 3*t - n = -t. What is the units digit of t?
8
Let r(x) = 30*x**3 + x**2 + x - 2. What is the tens digit of r(1)?
3
Let s = 100 - 53. Suppose -30 = -k + s. What is the units digit of k?
7
Suppose -5*o + 5*q = -25, 2*o - 4*q = 6*o + 20. Suppose -a + 5 + o = 0. Suppose -4*z = -a*g - 254, -7*g + 234 = 4*z - 2*g. What is the units digit of z?
1
Let k(s) = 6*s**3 - 2*s**2 - 3. Let j be k(2). Suppose j = 3*f - 14. What is the units digit of f?
7
Let s = 9469 - 6590. What is the hundreds digit of s?
8
Suppose 0 = -2*t - 3*w + 11, 5*w - 15 = -t + 8. What is the tens digit of (t/3)/((-4)/138)?
2
Let z = 0 + 2. Let r(j) = 3*j - z - 1 - 7 + 0*j. What is the units digit of r(10)?
0
Let z(k) = -2*k**2 + 14*k - 7. Let w be z(6). Suppose 2*g = -w*d + 196, -95 = -2*g - 4*d + 105. What is the hundreds digit of g?
1
Suppose -2*a + 4619 = 5*o + a, o - 5*a = 935. What is the tens digit of o?
2
Let a(z) = z**2 + 5*z + 2. Let p = -17 + 12. Let v be a(p). What is the units digit of 1 + (32 + -1 - v)?
0
Suppose -5*u - 180 = 6*i - 2*i, -123 = 4*u - i. Let o = u + 116. What is the tens digit of o?
8
Let y(c) = -2*c + 29*c**2 + 4*c**2 - 16*c**2 + c. Let u(x) = -x + 1. Let b be u(0). What is the units digit of y(b)?
6
Let i(o) = o**2 - 42*o + 22. Let u be i(18). What is the hundreds digit of 6/15*(5 - u)?
1
Suppose -168*v + 171*v - 6159 = 0. What is the tens digit of v?
5
Let s(m) = 7*m - 32. Let d be s(5). Suppose 165 - 45 = d*g. What is the units digit of g?
0
Let i(m) be the third derivative of -m**6/120 + 2*m**5/15 + m**3 - 11*m**2. Let r be i(6). Suppose -57*g = -58*g + r. What is the tens digit of g?
7
Let d be 68 + (2 + -6 - 0). Suppose l + 1 - 4 = 4*a, 3*l - a = d. What is the units digit of l?
3
Suppose -3*y + 28 = 4*y. What is the units digit of ((-11)/y)/(-1 - 92/(-96))?
6
Let o(g) = -g**3 + 24*g**2 + 11*g + 77. What is the units digit of o(22)?
7
Let t(h) be the second derivative of -2*h**3/3 + 3*h**2/2 - 4*h. Let l be t(-13). What is the tens digit of (-2 - -4 - 6) + l?
5
Let p = 1944 - 4292. What is the hundreds digit of ((-2)/3)/1 - p/12?
1
Let p(f) be the second derivative of f**4/12 + 2*f**3/3 + 7*f**2/2 + f. Let u be 4 + -1 + 0 + -9. What is the tens digit of p(u)?
1
Let l(z) = z + 14. Let c(j) = -1. Let s(m) = 3*c(m) + l(m). Suppose -i + 5*h = -5*i - 44, -h - 28 = 4*i. What is the units digit of s(i)?
5
Suppose 82*s + 94560 = 102*s. What is the tens digit of s?
2
Suppose -2*t + a - 7 = -4*t, a - 11 = -3*t. Let p(v) = -3 - 2 - t*v + 2*v + 4. What is the units digit of p(-5)?
9
Suppose -5*b + 47 + 23 = 0. Suppose 0*j + 27 = j - 2*o, 5*o = -2*j + 81. Let l = j - b. What is the units digit of l?
9
Let s = 357 + -67. Suppose -d - s = -6*d. What is the tens digit of d?
5
Suppose 4*n + 0 = r + 3, 3*n - 2*r = -4. Suppose n*u + 2*u = 180. Let j = -23 + u. What is the tens digit of j?
2
Let f be 86/7 + (-28)/98. Suppose 3*d - 2*r = -f + 79, -r - 91 = -4*d. What is the tens digit of (6 + -5)/(1/d)?
2
Suppose 4*n + o = 21, -2*o - o + 3 = -3*n. Suppose -137 = -n*r + 39. What is the units digit of r?
4
Let n(o) = -31*o**3 - 6*o**2 + 4*o. Let m(t) = -31*t**3 - 7*t**2 + 5*t. Let p(z) = -5*m(z) + 6*n(z). What is the units digit of p(-1)?
1
What is the tens digit of (36/10)/((-14)/10185*-3)?
7
Let f be (-64)/(-36) - (-6)/27. Suppose -4*z + 418 = -f*p, 2*z - 219 = -0*z - p. What is the hundreds digit of z?
1
Let s be (11 - 1)*(3 + -7). Let c be (454 + 1)*(-48)/s. What is the units digit of 2/(-6) - c/(-18)?
0
Let k = 72 - -46. Let z = k + -31. Let p = z - 45. What is the units digit of p?
2
Suppose 8*o = 3*o + 865. What is the hundreds digit of o?
1
Let m(r) = 82*r + 91. What is the units digit of m(3)?
7
Let i = -1340 - -2161. What is the tens digit of i?
2
Let m(t) = 156 - 125 - 4*t + 10*t. What is the units digit of m(-5)?
1
Let i(l) = -l**3 + 27*l**2 - 53*l - 18. What is the hundreds digit of i(24)?
4
Let x(g) = -3*g**3 - 10*g**2 - 10*g - 5. What is the hundreds digit of x(-7)?
6
Let m = -130 + 708. What is the hundreds digit of m?
5
Suppose 4*m = 6*m - 494. Suppose -8*f + m = -57. What is the units digit of f?
8
Let m = -3864 - -6503. What is the tens digit of m?
3
Let o(j) = -6*j**3 - 8*j**2 + 19*j + 63. What is the units digit of o(-6)?
7
What is the units digit of ((64/10)/(-8))/(2/(-1305))?
2
Let g = 103 + -60. Let u = g + -17. Suppose -2*b = -4*b + u. What is the tens digit of b?
1
Let s(a) = 2*a**2 + a + 4. Let i be s(0). What is the units digit of -5*(3 - i - 2)?
5
Suppose -14*b + 9126 = 4*b. What is the tens digit of b?
0
Let v(g) = -g**2 - 5*g + 7. Let x be v(-7). Let a be 42/9*(-6)/x. What is the tens digit of (-1 - 1)/(a/(-22))?
1
Let q = 863 - 658. What is the units digit of q?
5
Suppose 29 = w - 5*j, 6*w + j - 221 = 2*w. What is the tens digit of w?
5
Let x = 2212 - 1456. What is the tens digit of ((-16)/(-6))/(-6*(-6)/x)?
5
Let u be (-22)/(-2)*27/(-27). Let s be (-2)/(4/1)*-4. What is the units digit of s/(-11) + (-24)/u?
2
Suppose -3*y = -55 - 35. Let i = 6 + y. What is the units digit of i?
6
Let p = -141 + 98. Let g = -6 - p. What is the units digit of g?
7
Let r(n) = -21*n - 8. What is the hundreds digit of r(-19)?
3
What is the hundreds digit of (-36)/20*-305 + 4?
5
Let s = -5 + 22. Let o = s - -27. What is the units digit of o?
4
Suppose 0 = 2*u - 5*w - 3034 + 599, -5*u + w = -6099. What is the hundreds digit of u?
2
Suppose -3*y + 2 = -1. Let x(r) = 8*r**2 + r + 4. Let w(b) = -1. Let j(l) = y*x(l) + 2*w(l). What is the units digit of j(-1)?
9
Let i = 7 + 7. Let n(g) = g**3 - 12*g**2 + 8*g - 9. Let a be n(i). What is the tens digit of (a/3)/3 + 0?
5
Suppose 4*t = 51 - 35. Suppose t*v + 2*f = -58 + 152, 0 = 5*v + 3*f - 119. What is the units digit of v?
2
Let p(c) be the second derivative of 71*c**4/4 - c**3/2 - c**2/2 + 26*c. What is the units digit of p(-1)?
5
Suppose 10*a = 20*a - 2690. What is the tens digit of a?
6
Suppose 12*w + 0*w = 132. Suppose -t - w*t + 2664 = 0. What is the tens digit of t?
2
Suppose 2*w = -362 - 166. What is the units digit of (w/(-30))/(4/10)?
2
What is the hundreds digit of 24/(-204) + 64910/34?
9
Suppose -2*r - 2*w + w = -5, -3*w - 20 = -r. Suppose 0 = -2*n + r*n - 153. What is the units digit of n?
1
Let f(d) = d**3 - 7*d**2 - 2. Let r(k) = 2*k - 4. Let m be r(5). Let l be f(m). What is the tens digit of -1*(0 - 1) - l?
3
Suppose -5*a = -7*a. Suppose 2*w = -2*p + w + 157, a = -5*p - 3*w + 395. Suppose -2*k = 14 - p. What is the tens digit of k?
3
What is the hundreds digit of 504*(36/16)/((-3)/(-2))?
7
Let m(g) = -g**3 + 7*g**2 - 6*g + 8. Let p be m(6). Let t(l) = l**2 - 5*l + 8. What is the units digit of t(p)?
2
What is the hundreds digit of (-1192)/(-2) + (-5 + 5 - 6)?
5
Let g be (11/(-11))/(-1 + 2). What is the units digit of g*(-3)/((-9)/(-177))?
9
Let t = 916 + -871. Suppose 2*f + 6 = 0, 3*d - 11 = 2*d + f. Let k = t - d. What is the units digit of k?
7
Suppose -32 = -11*t + 7*t. Suppose 2*i = t*i - 300. What is the tens digit of i?
5
Let l be 0/((3 + -4)*1). Suppose -4*u + 4*i - 5*i = -256, l = 2*u - i - 134. Let q = u - 45.